{"id":29,"date":"2019-01-09T03:20:18","date_gmt":"2019-01-09T03:20:18","guid":{"rendered":"https:\/\/themify.me\/demo\/themes\/ultra-horizontal\/?page_id=7"},"modified":"2021-09-08T22:17:04","modified_gmt":"2021-09-08T22:17:04","slug":"home","status":"publish","type":"page","link":"https:\/\/barquilloscarnaval.cl\/w\/","title":{"rendered":"Inicio"},"content":{"rendered":"<!--themify_builder_content-->\n<div id=\"themify_builder_content-29\" data-postid=\"29\" class=\"themify_builder_content themify_builder_content-29 themify_builder tf_clear\">\n    \t<!-- module_row -->\n\t<div  data-anchor=\"inicio\" data-css_id=\"95aa6ba\" data-lazy=\"1\" class=\"module_row themify_builder_row fullcover fullheight fullwidth tb_has_section tb_section-inicio tb_95aa6ba tb_first tf_clearfix\" >\n\t    \t\t<div class=\"row_inner col_align_middle gutter-none col-count-5 tf_box tf_w tf_rel\"  data-basecol=\"5\" data-col_tablet=\"column-full\">\n\t\t\t<div  data-lazy=\"1\" class=\"module_column tb-column col5-1 first tb_ba46355 fullcover tf_box\">\n\t\t<div class=\"tf_abs builder_row_cover\"><\/div>\t    \t        <div class=\"tb-column-inner tf_box tf_w\">\n\t\t    <!-- module text -->\n<div  class=\"module module-text tb_45c05a1  repeat \" data-lazy=\"1\">\n        <div  class=\"tb_text_wrap\">\n    <h3><a href=\"https:\/\/barquilloscarnaval.cl\/w\/categoria-producto\/galletas\/\">Galletas<\/a><\/h3>    <\/div>\n<\/div>\n<!-- \/module text -->\t        <\/div>\n\t    \t<\/div>\n\t\t<div  data-lazy=\"1\" class=\"module_column tb-column col5-1 second tb_a8f85b0 fullcover tf_box\">\n\t\t<div class=\"tf_abs builder_row_cover\"><\/div>\t    \t        <div class=\"tb-column-inner tf_box tf_w\">\n\t\t    <!-- module text -->\n<div  class=\"module module-text tb_n0u5689  repeat \" data-lazy=\"1\">\n        <div  class=\"tb_text_wrap\">\n    <h3><a href=\"https:\/\/barquilloscarnaval.cl\/w\/categoria-producto\/conos\/\">Conos<\/a><\/h3>    <\/div>\n<\/div>\n<!-- \/module text -->\t        <\/div>\n\t    \t<\/div>\n\t\t<div  data-lazy=\"1\" class=\"module_column tb-column col5-1 third tb_8629e52 fullcover tf_box\">\n\t\t<div class=\"tf_abs builder_row_cover\"><\/div>\t    \t        <div class=\"tb-column-inner tf_box tf_w\">\n\t\t    <!-- module text -->\n<div  class=\"module module-text tb_5hdf690  repeat \" data-lazy=\"1\">\n        <div  class=\"tb_text_wrap\">\n    <h3><a href=\"https:\/\/barquilloscarnaval.cl\/w\/categoria-producto\/cuchuflies\/\">Cuchufl\u00edes<\/a><\/h3>    <\/div>\n<\/div>\n<!-- \/module text -->\t        <\/div>\n\t    \t<\/div>\n\t\t<div  data-lazy=\"1\" class=\"module_column tb-column col5-1 fourth tb_12e11e7 fullcover tf_box\">\n\t\t<div class=\"tf_abs builder_row_cover\"><\/div>\t    \t        <div class=\"tb-column-inner tf_box tf_w\">\n\t\t    <!-- module text -->\n<div  class=\"module module-text tb_vwvt690  repeat \" data-lazy=\"1\">\n        <div  class=\"tb_text_wrap\">\n    <h3><a href=\"https:\/\/barquilloscarnaval.cl\/w\/categoria-producto\/sustancias\/\">Sustancias<\/a><\/h3>    <\/div>\n<\/div>\n<!-- \/module text -->\t        <\/div>\n\t    \t<\/div>\n\t\t<div  data-lazy=\"1\" class=\"module_column tb-column col5-1 last tb_55292b8 fullcover tf_box\">\n\t\t<div class=\"tf_abs builder_row_cover\"><\/div>\t    \t        <div class=\"tb-column-inner tf_box tf_w\">\n\t\t    <!-- module text -->\n<div  class=\"module module-text tb_lsy6690  repeat \" data-lazy=\"1\">\n        <div  class=\"tb_text_wrap\">\n    <h3><a href=\"https:\/\/barquilloscarnaval.cl\/w\/categoria-producto\/merengues\/\">Merengues<\/a><\/h3>    <\/div>\n<\/div>\n<!-- \/module text -->\t        <\/div>\n\t    \t<\/div>\n\t\t    <\/div>\n\t    <!-- \/row_inner -->\n\t<\/div>\n\t<!-- \/module_row -->\n\t<\/div>\n<!--\/themify_builder_content-->","protected":false},"excerpt":{"rendered":"<p>Galletas Conos Cuchufl\u00edes Sustancias Merengues Productora de Alimentos Ni\u00f1ito Ltda nace aproximadamente hace 40 a\u00f1os, en el a\u00f1o 1980, 2 personas que quer\u00edan lograr prosperidad y poder contribuir en el empleo de personas en esos a\u00f1os. \u00a0\u00a0\u00a0\u00a0\u00a0\u00a0\u00a0\u00a0\u00a0\u00a0\u00a0 La empresa estuvo en las manos de dicha pareja por mas de 15 a\u00f1os, hasta que, por fallecimiento [&hellip;]<\/p>\n","protected":false},"author":1,"featured_media":0,"parent":0,"menu_order":0,"comment_status":"closed","ping_status":"closed","template":"","meta":{"footnotes":""},"class_list":["post-29","page","type-page","status-publish","hentry","has-post-title","has-post-date","has-post-category","has-post-tag","has-post-comment","has-post-author",""],"builder_content":"<h3><a href=\"https:\/\/barquilloscarnaval.cl\/w\/categoria-producto\/galletas\/\">Galletas<\/a><\/h3>\n<h3><a href=\"https:\/\/barquilloscarnaval.cl\/w\/categoria-producto\/conos\/\">Conos<\/a><\/h3>\n<h3><a href=\"https:\/\/barquilloscarnaval.cl\/w\/categoria-producto\/cuchuflies\/\">Cuchufl\u00edes<\/a><\/h3>\n<h3><a href=\"https:\/\/barquilloscarnaval.cl\/w\/categoria-producto\/sustancias\/\">Sustancias<\/a><\/h3>\n<h3><a href=\"https:\/\/barquilloscarnaval.cl\/w\/categoria-producto\/merengues\/\">Merengues<\/a><\/h3>\n<p>Productora de Alimentos Ni\u00f1ito Ltda nace aproximadamente hace 40 a\u00f1os, en el a\u00f1o 1980, 2 personas que quer\u00edan lograr prosperidad y poder contribuir en el empleo de personas en esos a\u00f1os.<\/p> <p>\u00a0\u00a0\u00a0\u00a0\u00a0\u00a0\u00a0\u00a0\u00a0\u00a0\u00a0 La empresa estuvo en las manos de dicha pareja por mas de 15 a\u00f1os, hasta que, por fallecimiento de uno de sus fundadores, la pareja se retira y vende la empresa, la cual es comprada por un empresario del sur de Chile, estuvo pocos a\u00f1os en la empresa, ya que por la lejan\u00eda para controlar la empresa, le impidi\u00f3 seguir en ella.<\/p> <p>\u00a0\u00a0\u00a0\u00a0\u00a0\u00a0\u00a0\u00a0\u00a0\u00a0\u00a0 En ese momento, a\u00f1o 2001, la empresa comienza a ser controlada por Don Luis Barahona y Don Carlos Espinoza, que siguen siendo sus due\u00f1os hasta el dia de hoy.<\/p> <p>\u00a0\u00a0\u00a0\u00a0\u00a0\u00a0\u00a0\u00a0\u00a0\u00a0\u00a0 Hoy dia, Productora de Alimentos Ni\u00f1ito Ltda, se ha posicionado en los mercados de Chile, siendo un apoyo para los nuevos emprendedores con sus productos estrella que son los conos para helado y vainas de cuchufli, en especial el cono econ\u00f3mico o primavera que se utiliza para la elaboraci\u00f3n de helados de invierno, siendo uno de los mayores productores de Santiago, adem\u00e1s de abastecer a mercados mayoristas y minoristas con sustancias, helados de invierno, cuchuflis y muchos otros productos que elaboramos, entregando un abanico de productos a nuestros clientes con el fin de potenciar las ventas en sus locales comerciales.<\/p> <p>\u00a0<\/p>\n<ul data-lazy=\"1\"> <li> <figure> <a href=\"https:\/\/barquilloscarnaval.cl\/w\/producto\/rosquita\/\" title=\"Rosquita\"><img loading=\"lazy\" decoding=\"async\" src=\"https:\/\/barquilloscarnaval.cl\/w\/wp-content\/uploads\/2025\/04\/rosquita-500x460.png\" width=\"500\" height=\"460\" title=\"rosquita\" alt=\"rosquita\"><\/a> <\/figure> <h3> <a href=\"https:\/\/barquilloscarnaval.cl\/w\/producto\/rosquita\/\" title=\"Rosquita\"> Rosquita <\/a> <\/h3> \n <bdi>&#36;23640<\/bdi> <p><a href=\"?add-to-cart=646\" data-quantity=\"1\" data-product_id=\"646\" data-product_sku=\"\" aria-label=\"Add &ldquo;Rosquita&rdquo; to your cart\" rel=\"nofollow\">Add to cart<\/a><\/p> <\/li> <li> <figure> <a href=\"https:\/\/barquilloscarnaval.cl\/w\/producto\/malva-banada\/\" title=\"malva ba\u00f1ada\"><img loading=\"lazy\" decoding=\"async\" src=\"https:\/\/barquilloscarnaval.cl\/w\/wp-content\/uploads\/2023\/03\/foto-malva-banada-2-1024x768-500x460.jpg\" width=\"500\" height=\"460\" title=\"foto malva ba\u00f1ada 2\" alt=\"foto malva ba\u00f1ada 2\"><\/a> <\/figure> <h3> <a href=\"https:\/\/barquilloscarnaval.cl\/w\/producto\/malva-banada\/\" title=\"malva ba\u00f1ada\"> malva ba\u00f1ada <\/a> <\/h3> \n <bdi>&#36;37200<\/bdi> <p><a href=\"?add-to-cart=380\" data-quantity=\"1\" data-product_id=\"380\" data-product_sku=\"\" aria-label=\"Add &ldquo;malva ba\u00f1ada&rdquo; to your cart\" rel=\"nofollow\">Add to cart<\/a><\/p> <\/li> <li> <figure> <a href=\"https:\/\/barquilloscarnaval.cl\/w\/producto\/cuchufli-banado\/\" title=\"cuchufli ba\u00f1ado\"><img loading=\"lazy\" decoding=\"async\" src=\"https:\/\/barquilloscarnaval.cl\/w\/wp-content\/uploads\/2023\/03\/foto-cufi-banado-1-1024x768-500x460.jpg\" width=\"500\" height=\"460\" title=\"foto cufi ba\u00f1ado 1\" alt=\"foto cufi ba\u00f1ado 1\"><\/a> <\/figure> <h3> <a href=\"https:\/\/barquilloscarnaval.cl\/w\/producto\/cuchufli-banado\/\" title=\"cuchufli ba\u00f1ado\"> cuchufli ba\u00f1ado <\/a> <\/h3> \n <bdi>&#36;2190<\/bdi> <p><a href=\"?add-to-cart=379\" data-quantity=\"1\" data-product_id=\"379\" data-product_sku=\"\" aria-label=\"Add &ldquo;cuchufli ba\u00f1ado&rdquo; to your cart\" rel=\"nofollow\">Add to cart<\/a><\/p> <\/li> <li> <figure> <a href=\"https:\/\/barquilloscarnaval.cl\/w\/producto\/galleta-champana\/\" title=\"Galleta champa\u00f1a\"><img loading=\"lazy\" decoding=\"async\" src=\"https:\/\/barquilloscarnaval.cl\/w\/wp-content\/uploads\/2021\/09\/galleta-champagne-e1630618735819-500x460.jpg\" width=\"500\" height=\"460\" title=\"galleta-champagne\" alt=\"galleta-champagne\"><\/a> <\/figure> <h3> <a href=\"https:\/\/barquilloscarnaval.cl\/w\/producto\/galleta-champana\/\" title=\"Galleta champa\u00f1a\"> Galleta champa\u00f1a <\/a> <\/h3> \n <bdi>&#36;2560<\/bdi> <p><a href=\"?add-to-cart=308\" data-quantity=\"1\" data-product_id=\"308\" data-product_sku=\"\" aria-label=\"Add &ldquo;Galleta champa\u00f1a&rdquo; to your cart\" rel=\"nofollow\">Add to cart<\/a><\/p> <\/li> <li> <figure> <a href=\"https:\/\/barquilloscarnaval.cl\/w\/producto\/helado-de-invierno-doble\/\" title=\"Helado de Invierno Doble\"><img loading=\"lazy\" decoding=\"async\" src=\"https:\/\/barquilloscarnaval.cl\/w\/wp-content\/uploads\/2021\/09\/F2D0488-1024x683-500x460.jpg\" width=\"500\" height=\"460\" title=\"_F2D0488\" alt=\"_F2D0488\"><\/a> <\/figure> <h3> <a href=\"https:\/\/barquilloscarnaval.cl\/w\/producto\/helado-de-invierno-doble\/\" title=\"Helado de Invierno Doble\"> Helado de Invierno Doble <\/a> <\/h3> \n <bdi>&#36;1220<\/bdi> <p><a href=\"?add-to-cart=304\" data-quantity=\"1\" data-product_id=\"304\" data-product_sku=\"\" aria-label=\"Add &ldquo;Helado de Invierno Doble&rdquo; to your cart\" rel=\"nofollow\">Add to cart<\/a><\/p> <\/li> <li> <figure> <a href=\"https:\/\/barquilloscarnaval.cl\/w\/producto\/cuchuflies-rellenos\/\" title=\"Cuchufl\u00edes rellenos\"><img loading=\"lazy\" decoding=\"async\" src=\"https:\/\/barquilloscarnaval.cl\/w\/wp-content\/uploads\/2021\/09\/cuchuflies_rellenos-500x460.png\" width=\"500\" height=\"460\" title=\"cuchuflies_rellenos\" alt=\"cuchuflies_rellenos\"><\/a> <\/figure> <h3> <a href=\"https:\/\/barquilloscarnaval.cl\/w\/producto\/cuchuflies-rellenos\/\" title=\"Cuchufl\u00edes rellenos\"> Cuchufl\u00edes rellenos <\/a> <\/h3> \n <bdi>&#36;1450<\/bdi> &ndash; <bdi>&#36;5700<\/bdi> <p><a href=\"https:\/\/barquilloscarnaval.cl\/w\/producto\/cuchuflies-rellenos\/\" data-quantity=\"1\" data-product_id=\"292\" data-product_sku=\"\" aria-label=\"Select options for &ldquo;Cuchufl\u00edes rellenos&rdquo;\" rel=\"nofollow\">Select options<\/a><\/p> <\/li> <\/ul>\n<h3>Cont\u00e1ctenos<\/h3> <p>Cu\u00e9ntenos lo que necesita para poder asistirlo.<\/p>\n<form action=\"https:\/\/barquilloscarnaval.cl\/w\/wp-admin\/admin-ajax.php\" class=\"builder-contact\" id=\"tb_d2b474c-form\" method=\"post\" data-post-id=\"0\" data-element-id=\"d2b474c\" data-orig-id=\"29\" > <label for=\"tb_d2b474c-contact-name\">Nombre <\/label> <input type=\"text\" name=\"contact-name\" placeholder=\" \" id=\"tb_d2b474c-contact-name\" value=\"\" > Nombre <label for=\"field_extra_tb_d2b474c_0\"> Tel\u00e9fono <input type=\"hidden\" name=\"field_extra_name_0\" value=\"Tel\u00e9fono\"> <\/label> <input type=\"text\" name=\"field_extra_0\" id=\"field_extra_tb_d2b474c_0\" placeholder=\" \"> Tel\u00e9fono <label for=\"tb_d2b474c-contact-email\">Email <\/label> <input type=\"text\" name=\"contact-email\" placeholder=\" \" id=\"tb_d2b474c-contact-email\" value=\"\" > Email <label for=\"tb_d2b474c-contact-subject\">Asunto *<\/label> <input type=\"text\" name=\"contact-subject\" placeholder=\" \" id=\"tb_d2b474c-contact-subject\" value=\"\" required> Asunto * <label for=\"tb_d2b474c-contact-message\">Mensaje *<\/label> <textarea name=\"contact-message\" placeholder=\" \" id=\"tb_d2b474c-contact-message\" required><\/textarea> Mensaje * <button type=\"submit\">Enviar<\/button> <\/form>\n<center> <iframe src=\"https:\/\/www.google.com\/maps\/embed?pb=!1m18!1m12!1m3!1d3326.2387773310234!2d-70.65446968425107!3d-33.521177008532796!2m3!1f0!2f0!3f0!3m2!1i1024!2i768!4f13.1!3m3!1m2!1s0x9662daee1b1129c7%3A0x383e1f0bbf376801!2sSta.%20Clara%20633%2C%20La%20Cisterna%2C%20Regi%C3%B3n%20Metropolitana!5e0!3m2!1ses!2scl!4v1630605415778!5m2!1ses!2scl\" width=\"80%\" height=\"400\" style=\"border:0;\" allowfullscreen=\"\" loading=\"lazy\"><\/iframe> <\/center>","_links":{"self":[{"href":"https:\/\/barquilloscarnaval.cl\/w\/wp-json\/wp\/v2\/pages\/29","targetHints":{"allow":["GET"]}}],"collection":[{"href":"https:\/\/barquilloscarnaval.cl\/w\/wp-json\/wp\/v2\/pages"}],"about":[{"href":"https:\/\/barquilloscarnaval.cl\/w\/wp-json\/wp\/v2\/types\/page"}],"author":[{"embeddable":true,"href":"https:\/\/barquilloscarnaval.cl\/w\/wp-json\/wp\/v2\/users\/1"}],"replies":[{"embeddable":true,"href":"https:\/\/barquilloscarnaval.cl\/w\/wp-json\/wp\/v2\/comments?post=29"}],"version-history":[{"count":28,"href":"https:\/\/barquilloscarnaval.cl\/w\/wp-json\/wp\/v2\/pages\/29\/revisions"}],"predecessor-version":[{"id":281,"href":"https:\/\/barquilloscarnaval.cl\/w\/wp-json\/wp\/v2\/pages\/29\/revisions\/281"}],"wp:attachment":[{"href":"https:\/\/barquilloscarnaval.cl\/w\/wp-json\/wp\/v2\/media?parent=29"}],"curies":[{"name":"wp","href":"https:\/\/api.w.org\/{rel}","templated":true}]}}